{"id":3601,"date":"2025-09-27T08:53:51","date_gmt":"2025-09-27T06:53:51","guid":{"rendered":"https:\/\/lichtundeisen.at\/?post_type=product&#038;p=3601"},"modified":"2026-02-02T11:23:21","modified_gmt":"2026-02-02T10:23:21","slug":"beistelltisch-frame","status":"publish","type":"product","link":"https:\/\/lichtundeisen.at\/en\/produkt\/beistelltisch-frame","title":{"rendered":"Beistelltisch frame"},"content":{"rendered":"<p data-start=\"76\" data-end=\"156\"><strong data-start=\"76\" data-end=\"99\">Beistelltisch Frame<\/strong><br data-start=\"99\" data-end=\"102\" \/>Eleganter, beleuchteter Beistelltisch mit Glasplatte<\/p>\n<ul data-start=\"158\" data-end=\"411\">\n<li data-start=\"158\" data-end=\"191\">\n<p data-start=\"160\" data-end=\"191\"><strong data-start=\"160\" data-end=\"169\">Ma\u00dfe:<\/strong> ca. 40 \u00d7 40 \u00d7 40 cm<\/p>\n<\/li>\n<li data-start=\"192\" data-end=\"244\">\n<p data-start=\"194\" data-end=\"244\"><strong data-start=\"194\" data-end=\"209\">Ausf\u00fchrung:<\/strong> schwarz mit feinem Glimmereffekt<\/p>\n<\/li>\n<li data-start=\"245\" data-end=\"331\">\n<p data-start=\"247\" data-end=\"331\"><strong data-start=\"247\" data-end=\"263\">Beleuchtung:<\/strong> integrierte LED im oberen Rahmen, ca. 15 W, mit externem Netzteil<\/p>\n<\/li>\n<li data-start=\"332\" data-end=\"411\">\n<p data-start=\"334\" data-end=\"411\"><strong data-start=\"334\" data-end=\"351\">Besonderheit:<\/strong> stimmungsvolle indirekte Beleuchtung durch die Glasplatte<\/p>\n<\/li>\n<\/ul>\n<p data-start=\"413\" data-end=\"478\">Farbe und Gr\u00f6\u00dfe k\u00f6nnen auf Wunsch individuell angefertigt werden.<\/p>\n","protected":false},"excerpt":{"rendered":"<p>Beleuchteter minimalistischer Beistelltisch mit schwarzem Metallrahmen und klarer Glasplatte f\u00fcr ein modernes, zeitloses Design.<\/p>\n","protected":false},"featured_media":3610,"template":"","meta":[],"product_brand":[121],"product_cat":[61,58,117],"product_tag":[],"class_list":{"0":"post-3601","1":"product","2":"type-product","3":"status-publish","4":"has-post-thumbnail","6":"product_brand-lichtundeisen","7":"product_cat-moebel","8":"product_cat-modern","9":"product_cat-neuheiten","10":"product_shipping_class-sperrgut","12":"first","13":"instock","14":"featured","15":"taxable","16":"shipping-taxable","17":"purchasable","18":"product-type-simple"},"jetpack_sharing_enabled":true,"_links":{"self":[{"href":"https:\/\/lichtundeisen.at\/en\/wp-json\/wp\/v2\/product\/3601","targetHints":{"allow":["GET"]}}],"collection":[{"href":"https:\/\/lichtundeisen.at\/en\/wp-json\/wp\/v2\/product"}],"about":[{"href":"https:\/\/lichtundeisen.at\/en\/wp-json\/wp\/v2\/types\/product"}],"wp:featuredmedia":[{"embeddable":true,"href":"https:\/\/lichtundeisen.at\/en\/wp-json\/wp\/v2\/media\/3610"}],"wp:attachment":[{"href":"https:\/\/lichtundeisen.at\/en\/wp-json\/wp\/v2\/media?parent=3601"}],"wp:term":[{"taxonomy":"product_brand","embeddable":true,"href":"https:\/\/lichtundeisen.at\/en\/wp-json\/wp\/v2\/product_brand?post=3601"},{"taxonomy":"product_cat","embeddable":true,"href":"https:\/\/lichtundeisen.at\/en\/wp-json\/wp\/v2\/product_cat?post=3601"},{"taxonomy":"product_tag","embeddable":true,"href":"https:\/\/lichtundeisen.at\/en\/wp-json\/wp\/v2\/product_tag?post=3601"}],"curies":[{"name":"wp","href":"https:\/\/api.w.org\/{rel}","templated":true}]}}

<p data-start="76" data-end="156"><strong data-start="76" data-end="99">Beistelltisch Frame</strong><br data-start="99" data-end="102" />Eleganter, beleuchteter Beistelltisch mit Glasplatte</p>
<ul data-start="158" data-end="411">
<li data-start="158" data-end="191">
<p data-start="160" data-end="191"><strong data-start="160" data-end="169">Maße:</strong> ca. 40 × 40 × 40 cm</p>
</li>
<li data-start="192" data-end="244">
<p data-start="194" data-end="244"><strong data-start="194" data-end="209">Ausführung:</strong> schwarz mit feinem Glimmereffekt</p>
</li>
<li data-start="245" data-end="331">
<p data-start="247" data-end="331"><strong data-start="247" data-end="263">Beleuchtung:</strong> integrierte LED im oberen Rahmen, ca. 15 W, mit externem Netzteil</p>
</li>
<li data-start="332" data-end="411">
<p data-start="334" data-end="411"><strong data-start="334" data-end="351">Besonderheit:</strong> stimmungsvolle indirekte Beleuchtung durch die Glasplatte</p>
</li>
</ul>
<p data-start="413" data-end="478">Farbe und Größe können auf Wunsch individuell angefertigt werden.</p>

<p>Beleuchteter minimalistischer Beistelltisch mit schwarzem Metallrahmen und klarer Glasplatte für ein modernes, zeitloses Design.</p>
